o**2. Determine p(-3).
-6
Let p(m) = -8*m - 3. Let v(i) be the second derivative of -5*i + 0 + 1/2*i**2. Let a(z) = -p(z) - 2*v(z). Calculate a(-1).
-7
Suppose -v + 3 = 2*f - 0, 8 = -2*v + 3*f. Let l be 0 - 12/(v + -3). Let x(n) = 4*n - 7*n**2 - 17 - l*n + 18. What is x(-1)?
-7
Let n = -123 - -140. Let d(p) = -p**2 + 18*p - 7. Give d(n).
10
Let v(w) = -451*w - 451*w + 11 + 905*w + 13 + 4. What is v(-11)?
-5
Let h(g) = 0 + 1 - 879*g**2 + 9*g + 12 + 877*g**2. Give h(6).
-5
Let k(r) = -30 - 4*r + r - 16 + 12 + 2*r. Determine k(0).
-34
Let k(n) be the second derivative of -n**5/60 - n**4/3 - n**3/6 + n**2/2 + 13*n. Let p(w) be the first derivative of k(w). Determine p(-8).
-1
Suppose -43 = -3*y - 13. Let s = 6 - y. Let t(w) = w**2 + 5*w + 4. Determine t(s).
0
Let i(q) = -11 + 3 + 10*q - 21*q - 43*q**2 - q**3 + 36*q**2. Give i(-5).
-3
Let q(t) = 6*t - 19. Let y be 3 + (2 - (3 - (6 - 3))). Determine q(y).
11
Let q = 505 - 503. Let h(c) = -c - 3. Determine h(q).
-5
Let d(n) be the second derivative of n**4/6 - 4*n**3 + 5*n**2 - 8*n + 1. Calculate d(11).
-12
Suppose -h = 5*m + 3*h - 54, 55 = 5*m + 5*h. Suppose 12 = -7*z + m*z. Let i(j) = -j - 2. What is i(z)?
-6
Let n = 2367 - 2372. Suppose t = -3*t. Let x(d) = 2*d + d**2 - 7 + 2*d + t. Determine x(n).
-2
Suppose 0 = -2*x + 4*v - 8, x + 0*v = v - 3. Let g = 3 - x. Suppose -4*m = 3*p - g, -3*m - 2*p - 3*p + 12 = 0. Let h(c) = -5*c + 1. Give h(m).
6
Suppose 0 = 2*t + 4*l - 2, 5*l = t + 2*t - 14. Suppose 0 = t*z + z + 20, 0 = -4*i - 2*z - 6. Let v(k) = -6*k - 2*k - k**2 - i + 3*k. Determine v(-5).
-1
Let s(k) = -5*k - 2. Let w(a) = a - 1. Let t(m) = s(m) + 4*w(m). Suppose -19 = -4*i - 3. Let h be (i - 5)*1*0. Calculate t(h).
-6
Let w(i) be the first derivative of -1/3*i**3 - 8 + 0*i**2 - 1/2*i**4 - i. Give w(-2).
11
Let i(q) be the second derivative of 1/6*q**3 + 0 + 18*q - 2*q**2. Determine i(-6).
-10
Let q(l) = -l. Let h(v) = -12*v + 22. Let w(o) = -h(o) + 8*q(o). Determine w(5).
-2
Let p(d) = -d**2 - d + 30. Suppose 0 = -119*o + 174*o. What is p(o)?
30
Let f(q) = 7*q - 38. Let o(m) = 10*m - 56. Let c(w) = -7*f(w) + 5*o(w). Calculate c(9).
-5
Let t(r) = -r - 6. Let w be t(-6). Suppose w*m - 3*m = 6. Let z be 4 - 9/(-2)*m. Let o(a) = -3*a + 2. Calculate o(z).
17
Let d = 3 - 1. Suppose 5*j = -d*x + 6*x + 26, -2*x = -2*j + 10. Let s(c) = -3*c**3 - 3*c - 3 + 3*c**2 + 2*c**3 + 0*c**3 + j. What is s(3)?
-6
Let j(m) = 0*m**2 - 8*m**2 + 7*m + 13 + 7*m**2 - 3. Calculate j(6).
16
Let t(k) = k**3 - 4*k**2 - 9*k - 11. Let x be (-54)/4*112/(-252). Give t(x).
7
Let a be (-8)/2 + (-11)/(77/(-28)). Let d(b) be the second derivative of a + 1/20*b**5 - 3/2*b**2 - 1/6*b**4 + 1/3*b**3 - 3*b. Calculate d(2).
1
Suppose 5*o - 2*z - 9 = 0, -3*o - 5*z = -8*o. Let v(h) = h - 6. Let t(x) = x - 13. Let b(s) = 3*t(s) - 7*v(s). Give b(o).
-9
Let p(v) = 23. Let a(n) = -2*n - 19. Let t(y) = -2*a(y) - 3*p(y). What is t(10)?
9
Let p(z) = -33 + 13 - z + 11. Let d = 10 - 10. Determine p(d).
-9
Let a(q) be the first derivative of q**4/4 - q**3 - q**2 - 2*q + 95. Calculate a(3).
-8
Suppose 5*m + 0*p = 2*p + 20, 4*p + 20 = 0. Suppose j - 3*j + m = -2*x, 5*j + x - 17 = 0. Let v be (-2)/j*(-18)/(-4). Let h(w) = -2*w + 2. Calculate h(v).
8
Let f(d) = 8 + 20 + 806*d - 809*d. Calculate f(8).
4
Let q(u) be the first derivative of -u**3/3 - 2*u**2 + 2*u - 1. Let b(k) = -k**3 + 2*k**2 - 4*k + 4. Let h = -27 - -29. Let g be b(h). Determine q(g).
2
Let h(c) be the third derivative of c**5/60 - c**4/12 - 7*c**3/6 + c**2. Let o be (13/(-39))/(2 + -3)*15. Give h(o).
8
Let q(n) = -n**3 - 15*n**2 - 14*n - 5. Let v(a) = a**3 - 9*a**2 - 10*a - 14. Let f be v(10). Give q(f).
-5
Let j(p) = -18*p + 2. Let y(x) = -21*x - 148. Let w be y(-7). Calculate j(w).
20
Let p(i) = -i**2 - 23*i - 120. Let a be p(-9). Let f be ((-4)/(-6))/((-2)/(-9)). Let v(g) = -3*g - 4 + 2*g + f*g. What is v(a)?
8
Let a(b) = -b**2 + b + 5. Let g(k) = k**3 - 2*k**2 + 2*k - 4. Let h be g(2). Calculate a(h).
5
Let m(o) = 2*o**2 + 2*o - 3. Let t be (-1158)/42 - (-6)/(-14). Let j = t + 24. Give m(j).
21
Let v(s) = 1. Let u = -30 + 26. Let j(f) = -f + 4. Let r(g) = u*v(g) - j(g). What is r(8)?
0
Let n(k) = 6*k**2 + 2*k - 26. Let h(i) = -10*i**2 - 5*i + 48. Let y(m) = 4*h(m) + 7*n(m). Determine y(3).
10
Let v be (8 - 2) + -2 - -3. Suppose 10 = -5*r + v*r. Let q(g) = 28*g - 27*g + r - 1. What is q(-2)?
2
Let d = -43 - -22. Let z = d - -21. Let v(w) = -w - 5. Let i be v(z). Let b(o) = -o - 5. What is b(i)?
0
Let d(g) = -g + 18. Let t(z) = 9*z + 104. Let v be t(-9). Calculate d(v).
-5
Let x(j) = -9 - 8*j - 11 + 0 + 1. Let d be x(-3). Let p(y) = y**2 - 2*y - 6. Determine p(d).
9
Let h(j) = j**2 + j + 8. Suppose s - 22 = 4*x, -2*s = 2*x + 3*s. Let w(l) = -240*l - 20 + 2 + 2 + 238*l - 2*l**2. Let a(y) = x*h(y) - 2*w(y). Give a(0).
-8
Let z(u) = -8*u + 0*u - 9*u. Let d = 235 + -235. Suppose -3*j + 4*k - 19 = d, -3*j + k - 17 = -10. What is z(j)?
17
Let z(a) = a**3 - a**2 + a + 1. Let c(w) = -2*w**2 + 21*w - 8. Let l be c(10). Determine z(l).
7
Let b(w) = -w**2 + 6*w + 5. Let z(v) = -v**3 - 11*v**2 + 12*v + 6. Let i be z(-12). Let l be b(i). Let x(c) = -l + 3 - c - 3 + 3*c. Calculate x(4).
3
Let m = -3 - -3. Let q(s) = s**3 + s**2 + 2*s + 8. Let l(d) = d**3 + 2*d**2 + 3*d + 6. Let a(h) = 2*l(h) - 3*q(h). Determine a(m).
-12
Let t be 1/(42/(-44) - -1). Suppose -4*q + t = -2*j, 0*j + j = 4*q - 27. Let x(a) = -6*a - 10 + 0*a + 8*a. Determine x(q).
6
Let h(d) = -14*d + 12. Let y(v) = 3*v - 2. Let c(b) = -h(b) - 5*y(b). Give c(-10).
8
Let o be 4 + -12 + 5 + -5. Let l(i) = i**2 + 6*i. Determine l(o).
16
Suppose 4 + 0 = 2*u. Suppose -a + 6 = u*a. Let s(t) = -24*t**3 - 2*t**2 + t + 25*t**3 - a*t. Determine s(3).
6
Let d(y) be the second derivative of y**5/20 - 5*y**4/12 - y**3/6 + 5*y**2/2 - 2*y + 15. Suppose -45 = -5*w - 20. What is d(w)?
0
Let y be (-5)/2*(-2 + (-16 - -20)). Let v(i) = 0*i - 7 + 2*i - i. What is v(y)?
-12
Let w(x) = -6*x - 19. Let k(f) = 13*f + 44. Let p(n) = 3*k(n) + 5*w(n). What is p(-5)?
-8
Let w(x) = x**2 + 7*x. Let p be 11/(-1) - (-3)/(-1). Let b be 16/5 - p/(-70). Suppose -4*v - 7 = 2*n + 7, b*n = 15. Determine w(v).
-6
Suppose 9 = -28*r + 23*r - 2*c, -2*r - c - 4 = 0. Let a(f) = 33*f**2 + f + 1. Determine a(r).
33
Let n be 0*5/(-25) - 0. Suppose -2*z = 5*p + 10, -p - 4*p = n. Let v(w) = -w + 3*w**3 + 7 + 6*w**2 - 2*w**3 + 6*w. Calculate v(z).
7
Let m(i) = -i**3 - 2*i**2 + 2*i - 1. Let p be m(-3). Let s be -1 + (4 - (p + 1)). Let c(d) be the second derivative of d**4/12 + 3*d**2 + d. Give c(s).
6
Let x(r) = -6*r - 2. Suppose -3*n - 3*w - 15 = -6, 0 = -2*n + 4*w - 6. Give x(n).
16
Let t be 3 - 0 - (-2 + 2). Let x(u) be the first derivative of u**3/2 - 3*u**2/2 - 19*u + 2. Let j(w) be the first derivative of x(w). Calculate j(t).
6
Suppose -m - 2 - 4 = 0. Let y(d) = -3 - 3 - 6*d + 4*d. Give y(m).
6
Let i(y) = -2*y**2 - 9*y - 1. Let b be i(-4). Suppose 4*w - 17 = b. Let s(f) = 2 - w + 3 - f + 15*f**2. Give s(-1).
16
Let y(m) be the first derivative of -1/4*m**4 - 7/2*m**2 + 48 + 8/3*m**3 - 4*m. Let a = 22 + -15. What is y(a)?
-4
Let y be -2 + (0/4 - -12). Suppose 2*c = -2*a + y, -6*a + a + 2*c = 3. Let v(d) = 0*d**2 - 3*d**2 - 1 + 2. Determine v(a).
-2
Let t(f) be the third derivative of -f**6/240 + f**4/12 + 2*f**2. Let q(i) be the second derivative of t(i). Let u = 154 + -158. Determine q(u).
12
Let s be (-18 + 13)/(2/4)*8. Let h = s - -82. Let t(y) = -y + 3. Calculate t(h).
1
Let p(y) = -2*y**2 - y - 2. Let d(t) = 3*t. Let x be d(3). Suppose 0 = -2*w - w + x. Suppose -z = -1 + w. Determine p(z).
-8
Let s be 0/(1 - 40/5). Let r(v) be the third derivative of -5/6*v**3 + 1/12*v**4 + 0*v + 1/60*v**5 + s - 2*v**2. Calculate r(-4).
3
Let v(s) = -10*s**3 - 27*s**2 - 37*s + 62. Let w(x) = 3*x**3 + 9*x**2 + 12*x - 21. Let u(o) = 2*v(o) + 7*w(o). Give u(-7).
5
Let p(c) = c**3 - 4*c**2 - 5*c - 5. Let q(x) = -x**3 - 4*x**2 - x + 1. Let y be (-3 - 14/(-2))/(-1). Let k be q(y). What is p(k)?
-5
Suppose -r - 4*q + 4 = 0, 3*r + 3*q + 2*q = 5. Let j(w) = 3 - 4 + r + w**3. Give j(0).
-1
Let d(f) = 2*f**2 - f - 1. Let o be (-1734)/(-24) - (-6)/8. Let p = o + -75. Determine d(p).
9
Let v = -1 - -2. Let s(m) be the second derivative of m**3/3 - 157*m. Give s(v).
2
Let w(q) = q**2 - 12*q + 7. Suppose d